he remainder when 6505 is divided by 116?
9
Calculate the remainder when 144 is divided by 69.
6
What is the remainder when 144 is divided by 77?
67
Calculate the remainder when 39 is divided by 26.
13
What is the remainder when 919 is divided by 68?
35
What is the remainder when 11525 is divided by 226?
225
Calculate the remainder when 21 is divided by 11.
10
Calculate the remainder when 6636 is divided by 56.
28
What is the remainder when 364 is divided by 46?
42
Calculate the remainder when 75 is divided by 43.
32
What is the remainder when 68 is divided by 37?
31
What is the remainder when 32641 is divided by 39?
37
What is the remainder when 135 is divided by 49?
37
What is the remainder when 15134 is divided by 22?
20
Calculate the remainder when 433 is divided by 62.
61
What is the remainder when 637 is divided by 92?
85
Calculate the remainder when 18 is divided by 1.
0
Calculate the remainder when 57 is divided by 12.
9
Calculate the remainder when 1652 is divided by 23.
19
What is the remainder when 1378 is divided by 30?
28
Calculate the remainder when 221 is divided by 37.
36
What is the remainder when 88 is divided by 22?
0
Calculate the remainder when 45 is divided by 11.
1
Calculate the remainder when 4197 is divided by 17.
15
What is the remainder when 71 is divided by 36?
35
Calculate the remainder when 475 is divided by 16.
11
What is the remainder when 779 is divided by 78?
77
Calculate the remainder when 2315 is divided by 19.
16
Calculate the remainder when 26 is divided by 13.
0
Calculate the remainder when 1924 is divided by 214.
212
Calculate the remainder when 546 is divided by 46.
40
Calculate the remainder when 49 is divided by 13.
10
Calculate the remainder when 295 is divided by 74.
73
What is the remainder when 57 is divided by 3?
0
What is the remainder when 471 is divided by 34?
29
Calculate the remainder when 7215 is divided by 88.
87
What is the remainder when 33 is divided by 12?
9
Calculate the remainder when 2650 is divided by 883.
1
Calculate the remainder when 610 is divided by 12.
10
What is the remainder when 2405 is divided by 219?
215
Calculate the remainder when 326 is divided by 127.
72
What is the remainder when 103 is divided by 21?
19
What is the remainder when 1184 is divided by 40?
24
What is the remainder when 139 is divided by 44?
7
Calculate the remainder when 498 is divided by 24.
18
What is the remainder when 70 is divided by 29?
12
Calculate the remainder when 1182 is divided by 74.
72
What is the remainder when 5910 is divided by 29?
23
What is the remainder when 83790 is divided by 17?
14
Calculate the remainder when 40 is divided by 28.
12
Calculate the remainder when 440 is divided by 18.
8
What is the remainder when 199 is divided by 20?
19
Calculate the remainder when 6528 is divided by 21.
18
What is the remainder when 4023 is divided by 106?
101
What is the remainder when 293 is divided by 21?
20
Calculate the remainder when 306 is divided by 44.
42
Calculate the remainder when 167 is divided by 14.
13
What is the remainder when 2681 is divided by 179?
175
What is the remainder when 28 is divided by 14?
0
What is the remainder when 177 is divided by 20?
17
Calculate the remainder when 17 is divided by 14.
3
Calculate the remainder when 3708 is divided by 53.
51
Calculate the remainder when 26 is divided by 15.
11
What is the remainder when 1902 is divided by 18?
12
Calculate the remainder when 43 is divided by 34.
9
What is the remainder when 166 is divided by 78?
10
What is the remainder when 43 is divided by 11?
10
Calculate the remainder when 409 is divided by 85.
69
Calculate the remainder when 2090 is divided by 16.
10
What is the remainder when 127 is divided by 29?
11
Calculate the remainder when 83 is divided by 25.
8
What is the remainder when 107 is divided by 10?
7
Calculate the remainder when 128 is divided by 13.
11
Calculate the remainder when 167 is divided by 88.
79
Calculate the remainder when 9755 is divided by 160.
155
Calculate the remainder when 4184 is divided by 155.
154
Calculate the remainder when 171 is divided by 15.
6
What is the remainder when 9127 is divided by 4?
3
What is the remainder when 313 is divided by 93?
34
What is the remainder when 45 is divided by 10?
5
What is the remainder when 363 is divided by 65?
38
What is the remainder when 1328 is divided by 14?
12
Calculate the remainder when 48939 is divided by 19.
14
Calculate the remainder when 58 is divided by 52.
6
Calculate the remainder when 24469 is divided by 184.
181
What is the remainder when 372 is divided by 22?
20
Calculate the remainder when 1107 is divided by 30.
27
What is the remainder when 2053 is divided by 229?
221
What is the remainder when 1748 is divided by 10?
8
Calculate the remainder when 1389 is divided by 693.
3
Calculate the remainder when 244 is divided by 67.
43
What is the remainder when 358 is divided by 95?
73
Calculate the remainder when 113 is divided by 18.
5
Calculate the remainder when 3550 is divided by 37.
35
What is the remainder when 209 is divided by 14?
13
Calculate the remainder when 1182 is divided by 46.
32
Calculate the remainder when 478 is divided by 83.
63
Calculate the remainder when 228 is divided by 76.
0
What is the remainder when 792 is divided by 31?
17
Calculate the remainder when 68 is divided by 5.
3
Calculate the remainder when 859 is divided by 21.
19
Calculate the remainder when 104 is divided by 23.
12
Calculate the remainder when 129 is divided by 16.
1
What is the remainder when 1289 is divided by 18?
11
Calculate the remainder when 274 is divided by 270.
4
What is the remainder when 418 is divided by 111?
85
What is the remainder when 561 is divided by 94?
91
Calculate the remainder when 124 is divided by 9.
7
Calculate the remainder when 8546 is divided by 37.
36
Calculate the remainder when 119 is divided by 60.
59
What is the remainder when 99 is divided by 31?
6
Calculate the remainder when 188 is divided by 10.
8
Calculate the remainder when 8417 is divided by 46.
45
Calculate the remainder when 2307 is divided by 210.
207
What is the remainder when 193 is divided by 49?
46
What is the remainder when 64 is divided by 29?
6
Calculate the remainder when 7913 is divided by 3949.
15
What is the remainder when 129 is divided by 48?
33
What is the remainder when 1184 is divided by 18?
14
What is the remainder when 47 is divided by 16?
15
What is the remainder when 285 is divided by 116?
53
Calculate the remainder when 28 is divided by 27.
1
Calculate the remainder when 476 is divided by 159.
158
Calculate the remainder when 5566 is divided by 12.
10
What is the remainder when 94 is divided by 17?
9
What is the remainder when 335 is divided by 82?
7
Calculate the remainder when 268 is divided by 54.
52
What is the remainder when 445 is divided by 14?
11
What is the remainder when 424 is divided by 81?
19
What is the remainder when 8069 is divided by 207?
203
Calculate the remainder when 2072 is divided by 12.
8
Calculate the remainder when 249 is divided by 29.
17
What is the remainder when 234 is divided by 16?
10
Calculate the remainder when 662 is divided by 67.
59
Calculate the remainder when 110 is divided by 34.
8
Calculate the remainder when 440 is divided by 7.
6
Calculate the remainder when 3564 is divided by 15.
9
What is the remainder when 14 is divided by 12?
2
What is the remainder when 429 is divided by 109?
102
Calculate the remainder when 2370 is divided by 21.
18
What is the remainder when 790 is divided by 19?
11
What is the remainder when 52 is divided by 6?
4
Calculate the remainder when 55149 is divided by 12.
9
Calculate the remainder when 1739 is divided by 25.
14
Calculate the remainder when 139 is divided by 72.
67
Calculate the remainder when 8006 is divided by 17.
16
Calculate the remainder when 294 is divided by 47.
12
What is the remainder when 14 is divided by 7?
0
Calculate the remainder when 1381 is divided by 268.
41
What is the remainder when 51 is divided by 13?
12
What is the remainder when 837 is divided by 14?
11
Calculate the remainder when 497 is divided by 493.
4
What is the remainder when 105436 is divided by 16?
12
Calculate the remainder when 145 is divided by 48.
1
What is the rema